mber?
True
Suppose 6*s = s + 2*w - 607, 608 = -5*s + 3*w. Let u = s + 200. Is u composite?
False
Let v be (0 - -4)/((-18)/63). Is 458/14 + v/(-49) prime?
False
Suppose 0 = 6*r - 2*r + 264. Let c = -20 - r. Is c a prime number?
False
Let o = -5 + 2. Let s = -5 - o. Is s/2 + 0 + 10 a composite number?
True
Is (-1 - 6)*(-135 + 4) composite?
True
Let j(n) = 97*n - 38. Is j(12) prime?
False
Let t be (30/8)/((-2)/(-56)). Let w = -26 + t. Is w composite?
False
Let r(v) = -v - 3. Let u be r(-11). Suppose -3*i = -16 - u. Is 18/i*24/9 composite?
True
Is (638/(-6) - (3 - -1))*-3 a prime number?
True
Let d = 8 - 5. Is -2 - (-34 + d/(-3)) composite?
True
Let f(n) = 3*n**3 + 3*n**2 - 2*n - 7. Let v be f(-5). Let p = 1104 + -604. Let s = p + v. Is s composite?
True
Suppose 0 = 3*t + c - 5*c + 2, -2*t + 6 = c. Suppose -395 = t*l - 7*l. Suppose o - g = 32, -2*o - 5*g + l = -2*g. Is o composite?
True
Suppose -2*p = 2*p + 12, -3*p = -2*y + 1427. Is y composite?
False
Let h = -7 - -4. Let j be ((-1)/h)/(4/24). Suppose -j*y + 0*y + g = -169, 0 = -y + 2*g + 89. Is y a composite number?
False
Let f = -254 - -359. Let d = f - 65. Suppose y = 3*m - 30, -4*m - y = 3*y - d. Is m a composite number?
True
Let x = 143 + -349. Let d = x - -319. Is d prime?
True
Let v = -65 - -222. Is v a prime number?
True
Let q(g) = g - 5. Let d be q(4). Let n be (-244)/(-16) + d/4. Let w = 142 - n. Is w a composite number?
False
Suppose 4*o + 1350 + 1698 = 4*v, -5*v - 2*o + 3824 = 0. Suppose 0 = 7*a - 11*a + v. Is a a prime number?
True
Suppose 2*q + t = -3*q + 2065, -3*t = 0. Is q a composite number?
True
Let a = -34 - -381. Is a a composite number?
False
Suppose -4*n + 7118 = 2*f, 3*f - 1008 + 8121 = 4*n. Is n a composite number?
True
Let y(c) = 32*c**3 + c**2 + c - 5. Is y(2) prime?
True
Suppose 2*l = -6, u + l = -4*l - 18. Let f(h) = 12*h - 2. Let d(m) = 11*m - 2. Let o(i) = -5*d(i) + 4*f(i). Is o(u) composite?
False
Suppose -s + 8*s = 2919. Is s composite?
True
Suppose 3 - 7 = -g. Let j(f) = -f**2 + 4*f. Let s be j(3). Let q = s + g. Is q a prime number?
True
Suppose 109 = -3*u + 1948. Is u a prime number?
True
Let k be 3 - ((-6)/(-2) + -5). Suppose 0*v = -k*g + 3*v + 325, g = -3*v + 47. Is g composite?
True
Suppose 0 = -y + 3 + 4. Is y composite?
False
Let f(x) = 11*x - 5. Let m be f(4). Let d be (-21)/6*(-16)/2. Let r = m - d. Is r a composite number?
False
Suppose w + 16 + 9 = 3*t, -5*t + 55 = -5*w. Suppose 13 = 2*x - t. Is x a composite number?
True
Suppose -2*f = 3*q - 18 - 0, 2*f - 4*q - 4 = 0. Let w(c) = 3*c**2 - 11*c - 5. Is w(f) prime?
True
Let j(w) = -w**3 - 4*w**2 + 4*w - 3. Let i be j(-5). Suppose -y = -3*z - 2*z + 277, -5*z - i*y + 271 = 0. Is z composite?
True
Is (1 + 0)*5982/(4 - -2) a composite number?
False
Is 10/40 + (-459)/(-4) a composite number?
True
Let y = 831 + -250. Is y composite?
True
Let a(c) = c - 2. Let p be a(4). Suppose 2*d = d + q + 23, 3*d = -p*q + 49. Is d a prime number?
True
Let u = 4 - -1. Suppose -815 = -u*m - 4*d, 7*m - 2*d = 2*m + 785. Is m prime?
False
Let x(o) = -3*o + 7 + 15*o + 0. Is x(6) prime?
True
Let u(m) = 2*m**3 - 4*m**2 + 2 + m - 3*m**3 + 2*m**3 - 1. Is u(6) a prime number?
True
Let x(p) = 3 + p**2 + p - 3*p + 0*p**2. Let w be x(-9). Suppose -3*n + w = -n. Is n composite?
True
Let q(a) be the first derivative of a**2/2 + 153*a - 1. Let n be q(0). Suppose 2*s = -s + n. Is s composite?
True
Let w be ((-3)/2)/((-4)/(-8)). Let s = w + 16. Is s prime?
True
Let o be 1556/(-30) - (-4)/(-30). Let h(p) = p**2 + 11*p. Let w be h(-6). Let x = w - o. Is x composite?
True
Let g = 13 + -9. Let o = g - -64. Let w = -45 + o. Is w prime?
True
Suppose 2*y - 1202 = -5*a - 392, 3*y = -4*a + 655. Suppose 1 - a = -3*s. Is s prime?
True
Let p(z) = 72*z - 7. Let y be p(5). Let u = -110 + -26. Let k = u + y. Is k composite?
True
Let i(t) = -t**3 + 23*t**2 - 7*t - 4. Is i(10) a composite number?
True
Let l(r) = 9*r**2 - 3*r + 3. Let w be (8/14)/(10/35). Let z be l(w). Suppose -d = -0*d - z. Is d prime?
False
Let t(x) = -154*x + 17. Is t(-5) a prime number?
True
Suppose 172 - 49 = -3*b. Let q be 58 - -3 - 6/(-2). Let k = b + q. Is k composite?
False
Let m be (-4 - -2)*15/(-6). Suppose -u = m*f - 384, 5*u - 74 = -f + 2*u. Is f a prime number?
False
Suppose -2412 - 11231 = -7*b. Is b composite?
False
Suppose j = 6*j - 15. Suppose -5*r = -2*a + 43, -4*r = j*a - r - 54. Is a composite?
False
Let c(t) = 4*t + 3. Let k be c(-2). Let j(o) = -o**3 - 3*o**2 + 5*o - 6. Let r be j(k). Suppose -4*b + 40 = -4*w, b - 3*w = -b + r. Is b prime?
True
Let l(u) = 10*u**3 - u**2 + u - 1. Let d = -3 + 4. Let s be l(d). Let k = 6 + s. Is k composite?
True
Let j(y) = y**2 - 6*y + 7. Let l be j(5). Suppose l*t + 2 = 10. Suppose -79 = -t*s + 189. Is s composite?
False
Let m(d) = 4496*d - 3. Is m(1) a prime number?
True
Suppose 11*h = 7*h + 212. Is h a composite number?
False
Suppose -4*a + 289 = 5*r - 766, -2*a + 5*r = -565. Suppose -4*j + a + 70 = 0. Is j a composite number?
True
Suppose 1 = -4*c + 5, -c - 2 = -p. Suppose 0 = -5*o - 0*o + 15. Suppose -98 = -b - b + p*l, 147 = o*b - 5*l. Is b composite?
True
Let r(y) = -6*y + 4. Suppose -23 = 5*d - l, -4*d + l = -4*l + 10. Is r(d) a composite number?
True
Let f be 170 + 3 - (6 + -8). Is 7/3*(f - -2) composite?
True
Let j be 12/(-4) - (-13 - 2). Suppose 0 = 4*q + j - 52. Is q prime?
False
Let w(p) be the second derivative of 23*p**3/3 + 3*p**2/2 - 7*p. Is w(16) a prime number?
True
Let p be (-4)/14 - (-36)/(-21). Let t = 2 + p. Suppose t = 2*k - 5*k + 393. Is k a composite number?
False
Let m = 117 + -55. Is m prime?
False
Let q(u) = -6*u**2 + 2 - 3 - 148*u**3 + 136*u**3 + 2. Is q(-5) a prime number?
False
Let s = -7 - -14. Is 244/s - 1/(-7) composite?
True
Suppose -4*w + 2*n + 68 = -2*w, n - 1 = 0. Is w composite?
True
Suppose -9*d = 2*d - 869. Is d a prime number?
True
Let x(r) = -r**3 + 10*r**2 - 8*r - 9. Let w be x(9). Suppose 5*u = -w*u + 115. Is u a composite number?
False
Let q(i) = i**2 + 4*i + 2. Let w(j) = j**2 - 6*j - 4. Let t be w(6). Let h be q(t). Suppose -3*c + u = h*u - 293, 491 = 5*c + 3*u. Is c a composite number?
False
Let k = 4 - 2. Suppose 3*o = -k*o + 745. Is o a composite number?
False
Suppose m - 5*m = 0, -2*v + 2*m = 4. Is ((-2)/2)/(v/106) a prime number?
True
Let s(i) = -10*i - 5*i - 1 - 2*i. Is s(-4) a prime number?
True
Let m(d) = d**3 - 5*d**2 - 4*d - 7. Let a be m(6). Let w(y) = -7*y**2 + 12*y + 6. Let x(p) = -6*p**2 + 11*p + 6. Let c(i) = -5*w(i) + 6*x(i). Is c(a) prime?
True
Is (-1)/1 - 0 - -135 prime?
False
Let n(o) = 3*o**2 + 7*o - 7. Is n(-4) composite?
False
Let w(c) = -c**3 + 23*c**2 + 30*c - 25. Is w(22) composite?
True
Suppose 25 - 1 = 4*q. Let u = q + 0. Is u/(-15) + (-114)/(-10) a prime number?
True
Let j be 1 - (-4)/2 - 0. Suppose 2*p - 322 = z + 2*z, -5*z - 483 = -j*p. Is p a prime number?
False
Let o(q) = 4*q**2 - 4*q + 1. Let v = -5 - 0. Let u be o(v). Suppose -4*b + 19 = -u. Is b a composite number?
True
Let y(p) = 3*p. Let l be y(6). Suppose 2*s - l = -0. Let g = s + 1. Is g composite?
True
Suppose -2*b + 8 = 2. Let j = 1 - b. Let s = 5 + j. Is s a prime number?
True
Let c(r) = 0 + 59*r - 46*r + 2. Let k(u) = -u + 5. Let g be k(0). Is c(g) a composite number?
False
Let r(m) = 210*m - 1. Is r(2) a composite number?
False
Let b be 1/2 - 2/(-4). Let v = b + 1. Suppose -3*p + h + 178 = 0, 0 = -p + 3*h - v*h + 60. Is p a prime number?
True
Let m = 2001 - 992. Is m a prime number?
True
Is 14720/6 + (-9)/27 composite?
True
Suppose -2*f = 4*d, f + f = 3*d + 14. Suppose -f*t - 3*v + 5*v = -138, 10 = 2*v. Is t prime?
True
Is 1 - 50*-23 - 0/(-7) a composite number?
False
Let k be (-12)/28 + (-31)/(-7). Suppose -2222 = -7*z + 2*z + m, k*m = -4*z + 1792. Is z prime?
False
Let t = 2 + 2. Suppose -j = t, -g + 0*g = -j - 73. Is g a composite number?
True
Let u(y) = -y**3 + 21*y**2 + 12*y + 7. Is u(15) a composite number?
True
Let u(y) = 28*y + 1. Let f(v) = 19*v + 1. Let i(g) = -7*f(g) + 5*u(g). Is i(3) a prime number?
True
Let s be (2 + 843 + 1)/(-1). Is (s/27)/((-2)/21) a composite number?
True
Is -5 + (635 - 3) + 2 a prime number?
False
Let r = -224 + 337. Is r a composite number?
False
Let w = 11317 + -2208. Is w prime?
True
Let c = 365 + -255. Let h = c - -17. Is h prime?
True
Let c be (-1280)/